t is the units digit of (-5432)/(-182) - (-4)/26?
0
Let d be (-4)/(-6) - 110/(-6). Suppose -6*c - l + 26 = -c, -d = -4*c + l. Suppose c*t - 5*j - 45 = 0, -j - 20 - 33 = -5*t. What is the units digit of t?
1
Let x(q) = 3*q - 3. Let m(j) = -2*j + 1. Let p(n) = 7*m(n) + 4*x(n). Let s be p(-6). Let v = s + 3. What is the tens digit of v?
1
Let g = -4 - -9. What is the units digit of g?
5
Let o = 79 - 44. What is the tens digit of o?
3
Let g(o) = o**2 + 5*o + 1. What is the units digit of g(5)?
1
Suppose 3 + 0 = 3*i. What is the units digit of 0 + -2 - i*-3?
1
Let v(i) = 3*i**2 - 9*i + 5. Let o(r) = 13*r**2 - 36*r + 21. Let l(b) = 2*o(b) - 9*v(b). What is the units digit of l(4)?
7
Suppose b = p - 13, -2 = -3*b + 1. What is the units digit of p?
4
Let o(x) = x**2 + 10*x + 2. Let n be o(-10). Suppose 7*v = n*v. Suppose -4*m = -m - t - 31, v = -5*m + 3*t + 57. What is the units digit of m?
9
Let k be 158/4 + 2/(-4). Suppose -5*v - 3*r = -r - 87, 2*v - k = -5*r. What is the units digit of v?
7
Let m = -29 - -65. What is the units digit of m?
6
Let i = -43 + 55. What is the tens digit of i?
1
Let d(p) = 2*p**3 - 2*p**2 - 3. What is the units digit of d(2)?
5
Let j(z) be the first derivative of z**4/4 - 4*z**3/3 - 5*z**2/2 + 7*z + 1. Suppose 3*c = -l - l + 5, 4*c - 5 = -3*l. What is the units digit of j(c)?
7
Suppose z = -4*z. Suppose -2*o + 2*i = -2 - z, -3*o = 3*i - 3. What is the units digit of o?
1
Let j(f) = 7*f**2 + 4*f - 5. What is the tens digit of j(2)?
3
Let r(x) = x**2 + 5*x + 6. Let w be r(-4). Suppose w*o - 42 = 5*o. Let c = 24 + o. What is the tens digit of c?
1
Suppose 16 + 35 = 3*q. What is the units digit of q?
7
Suppose u = 0, 3*j + 130 = -3*u - 41. Let r = -38 - j. What is the tens digit of r?
1
Let p = 3 - -4. Suppose -d - 2*r = -p*r - 7, 0 = 3*d - 3*r - 33. What is the tens digit of d?
1
Let d be ((-2)/1)/((-6)/15). Suppose -n + d = -0. Suppose 0 = -n*s + 80 + 15. What is the tens digit of s?
1
Suppose -2*n + 3*w + 0*w + 37 = 0, 3*w + 106 = 5*n. What is the tens digit of n?
2
Let n = -2 + 6. Suppose m + n = 17. What is the tens digit of m?
1
Suppose 246 = 4*f + 14. What is the tens digit of f?
5
Suppose 22*x - 36 = 19*x. What is the tens digit of x?
1
Let t(m) = m**3 - 8*m**2 - m + 7. Let o be t(8). Let s = o - -8. What is the units digit of s?
7
Suppose 4*h + 9 - 49 = 0. What is the units digit of h?
0
Suppose -112 = -5*s + 193. Suppose -2 = -3*u + s. What is the tens digit of u?
2
Let x = 14 - 10. Suppose 2*n - 8 = i, 0 = -2*i + 7*i - 2*n. Suppose -2*d = -x*u + 12, i*u + 2*d + 2*d = 6. What is the units digit of u?
3
Let r be ((-6)/(-4))/(4/104). Suppose -r = -5*s + 11. What is the units digit of s?
0
Let k(f) = -f**3 + 8*f**2 - f + 10. Let u be k(8). What is the tens digit of u/((-16)/12)*-20?
3
Let l(q) = 0*q**2 - q**2 - 7 - 15*q - 1 + 0*q. What is the tens digit of l(-10)?
4
Let a = 7 - 14. Let o be (-111)/21 + (-2)/a. What is the units digit of (-1)/((o/(-4))/(-5))?
4
Suppose 3*c - 12 = 0, 22 = -5*n - c + 216. What is the tens digit of n?
3
Let g(q) = q**3 - 2. Let j be g(-2). Let i(b) = b**3 + 9*b**2 - 10*b + 12. What is the units digit of i(j)?
2
Suppose r = 4*r. Let g be (r/(-2))/(6/3). Suppose 0 = t - 5 - g. What is the units digit of t?
5
What is the units digit of 1/5 - (897/(-15) - -4)?
6
What is the units digit of (-2)/(6/(-2) + (-9170)/(-3066))?
9
Let t(i) = i**2 + i - 6. Let h(u) = -u**2 + 5. Let g be 1/(1/(-2 + -2)). Let p(l) = g*t(l) - 5*h(l). What is the units digit of p(5)?
4
Suppose 0 = -3*p - 0*p. Suppose 62 = 2*c - 4*k, k - 4*k + 15 = p. What is the units digit of c?
1
Let v(p) = -p**3 + 3*p**2 + 2*p. Let z be v(3). What is the units digit of ((-16)/10)/(z/(-60))?
6
Let u(v) = v**2 + 8*v + 7. Let f be u(-7). Let d = 18 - 6. Suppose f = 4*l - 5*y - 36, -2*y - 6 - d = -2*l. What is the units digit of l?
9
Suppose 81 = 2*u - 1. What is the units digit of u?
1
Let v be (-1 - 1) + -1 + 7. Suppose v*k - 25 = -k. Suppose 17 = 2*j - j - k*x, -2*x - 32 = -4*j. What is the units digit of j?
7
Let j(u) = -u**3 + 4*u**2 + 5*u. Let b be j(5). Suppose b*s = 3*s. What is the units digit of (s - (2 + -1))*-1?
1
Let p = 64 - 6. What is the units digit of p?
8
Let b be -1 - (-4 - 0)*-1. Let f(r) be the first derivative of -r**4/4 - 5*r**3/3 - 3*r**2/2 - 6*r + 2. What is the units digit of f(b)?
9
Let t(l) = -19*l**3 + l**2 - 1. What is the units digit of t(-2)?
5
Let p(x) = x**3 - x**2 + 5. Let d(t) be the third derivative of t**6/120 - t**5/15 - t**4/6 - 5*t**3/6 + t**2. Let i be d(5). What is the units digit of p(i)?
5
What is the tens digit of (-2 - 5)/28 - 265/(-4)?
6
Let a = 191 - 136. What is the units digit of a?
5
Suppose 7*o = 3043 - 1006. What is the tens digit of o?
9
Let d(l) = -l**3 + 5*l**2 - 4*l + 9. What is the units digit of d(4)?
9
Suppose -5*a = -3*a - 34. What is the tens digit of a?
1
Let f = 21 + -4. Suppose 3*z + 0 = -4*y + 9, -y = -2*z + f. What is the units digit of z?
7
What is the tens digit of 406/21 + (-1)/3?
1
Let w be -34 + 1/1*-2. Let v = 67 + w. What is the units digit of v?
1
Let u = 2 - 1. Let i(p) = -56 + 4*p + 56. What is the units digit of i(u)?
4
Suppose -5*s - 3*m = -183, -3*s - m + 35 = -2*s. What is the tens digit of s?
3
Suppose -4*m - 4*p = -5*p + 60, 3*p = 0. What is the units digit of 46*(m/6 - -3)?
3
Let z(x) = -7*x - 1. Let s(u) = 4*u + 1. Let r(c) = -5*s(c) - 2*z(c). What is the units digit of r(-2)?
9
What is the units digit of (-276)/230*35/(-2 + 1)?
2
Suppose 4*w + 2*k = 98, -w + 3*k - 9 = -23. Suppose -22 - w = -3*d. What is the tens digit of d?
1
Let v(m) = m + 1. Suppose 2*f + 2*g + 8 = 0, -7 = 3*f + 5*g + 11. Let w be v(f). Suppose 0*x - 3*x + 15 = w. What is the units digit of x?
5
Suppose 3*q = 15, 2*q - 3*q + 125 = 2*n. What is the units digit of n?
0
Let y = -3 - -14. Suppose -6 = -g - 2. Suppose -5*h = -6*b + 3*b - 1, -y = -g*h - b. What is the units digit of h?
2
Suppose 24 = 2*s + 2*s. Let g(h) = -h + 8. What is the units digit of g(s)?
2
Suppose -3*o = 4*k + 23, -o + 4 = -4*k + 1. Let g = 1 - k. Suppose -g*n = -5 - 4. What is the units digit of n?
3
Suppose a - 5*h - 28 = 0, -4*a + 13 + 9 = -2*h. Let x = -1 + a. Suppose -12 = -4*f - 2*l, -x = -3*f + 4*l - 4. What is the units digit of f?
2
Suppose 2*b + 30 = -2*l - 0, -l = -3*b - 25. Let z(u) = u**2 + 9*u - 6. What is the units digit of z(b)?
4
Suppose 5*s + 3 = -5*j + 233, -3*j + 181 = 4*s. What is the tens digit of s?
4
Let l = -107 + 159. Suppose 2*r = -2*r + l. Let a = r - 8. What is the units digit of a?
5
Let p = 1 + 3. Suppose -p*c = -2*r + 32, -r + 1 = -3*c - 18. What is the units digit of r?
0
What is the units digit of ((-3)/(-5))/((-7)/(-105))?
9
Let j(b) = 11*b - 1. Suppose 3*f + 4 = -2*p + 7, 2*f - p - 2 = 0. What is the tens digit of j(f)?
1
Suppose 2*u + 5 = m + 4*u, 0 = -5*m - 5*u + 25. Suppose -x - 3*x = -m*g + 22, 5*g - 13 = x. What is the units digit of 18/14 - g/7?
1
What is the units digit of -2 - (-4 + -23) - 4?
1
Let g = 14 - -27. What is the tens digit of g?
4
What is the tens digit of 24/108 - (-826)/9?
9
Suppose 5*i + 318 = 1118. What is the units digit of i?
0
Let z(i) be the third derivative of -i**6/120 - i**4/24 + i**2. Let d = 2 + -3. What is the units digit of z(d)?
2
Let z(u) = -3*u**3 + 12*u**2 - u + 8. Let p(c) = -c**3 + c**2 - c - 1. Let x(o) = -2*p(o) + z(o). What is the units digit of x(10)?
0
Let m be 11 + -1*(-1 + 0). Let j = m + -30. Let p = j - -27. What is the units digit of p?
9
Let y(x) = x**3 + 14*x**2 - 20*x - 6. What is the hundreds digit of y(-14)?
2
Suppose 4*w = 8*w - 16. Let t(a) be the second derivative of a**3/6 + 3*a**2/2 - 4*a. What is the units digit of t(w)?
7
Let a(d) = -d**3 + 11*d**2 - 10*d + 4. Let v be a(10). Suppose -4*h - v*m + 92 = 0, 5*h - 4*m = 15 + 73. What is the tens digit of h?
2
Suppose -n - 3*u = -2*n + 19, -2*u - 18 = -2*n. Let k be 0 + n/6*3. Suppose 4*d - 42 = k. What is the tens digit of d?
1
Suppose -5*o = -5*k - 35, 21 - 1 = -4*k. Suppose o*m + 18 = 3*m. What is the tens digit of m?
1
Let i = 8 + -10. Let r(l) be the third derivative of -l**6/60 - l**5/20 - l**4/24 - l**2. What is the units digit of r(i)?
6
Suppose -u = u - 54. What is the tens digit of u?
2
Let o(b) = b**2 + b + 13. What is the tens digit of o(0)?
1
Let o be 12 + 